 4. Let b(c) = -5*c**3 + 19*c**2 + c + 19. Let w(u) = -2*b(u) + 11*l(u). Give w(6).
-6
Suppose 0*o + 6 = 2*o. Let k(m) = m. What is k(o)?
3
Let z(b) = b + b - 4*b. Suppose 5 = w - 0. What is z(w)?
-10
Suppose -4*k + 4*x = -0*x - 32, 4 = -3*k - 4*x. Let q(t) be the third derivative of 1/60*t**5 - k*t**2 + 0 - 1/3*t**3 + 0*t - 1/24*t**4. Give q(3).
4
Suppose 0 = -0*u + 2*u + 6. Let m = 1 + u. Let p be 3 - (m/(-2) + -1). Let b(q) = -q**2 + q + 1. What is b(p)?
-5
Let a(y) = 4*y + 13. Let k(u) = -2*u + 5. Let q be k(5). Let w(c) = -2*c - 6. Let d(p) = q*w(p) - 2*a(p). Let n = 5 - 10. Determine d(n).
-6
Suppose s - 4*i = 17, i + 37 = 3*s - 4*i. Let v be s/3 - (-4)/(-4). Let h be (-3)/(-9)*v*3. Let j(a) = -2*a - 1. Give j(h).
-5
Let j(z) = 0 - 2 + 3*z - 4*z - 5. Let v be j(-8). Let h(m) = 3*m**2 + 6*m + 3. Let q(n) = -n - 1. Let p(a) = -h(a) - 4*q(a). Give p(v).
-4
Let s(i) = 4*i**2 - 1. Let w = 38 - 37. Let c be 1/3 + 8/3. Let d be 4/2*w - c. What is s(d)?
3
Let l(d) be the third derivative of d**5/60 - d**4/4 + 20*d**2. What is l(7)?
7
Let w(i) = 2*i + 8. Let f(n) = 4*n + 7. Let b(t) = 11*t + 20. Let p(u) = 3*b(u) - 8*f(u). Let d = -10 - -15. Let k(l) = d*p(l) - 2*w(l). What is k(-4)?
0
Let f(l) = 9 + 7 - 6 + l**2. Let t(s) = s**3 + 5*s**2 + s + 5. Let m be t(-5). Calculate f(m).
10
Suppose -24 = -3*h + h. Suppose -5*v - h - 8 = 0. Let d(w) = -w**2 - 6*w - 2. Determine d(v).
6
Let z(s) be the first derivative of 0*s - 5/2*s**2 - 1/4*s**4 + 7/3*s**3 - 1. Determine z(6).
6
Let z = -2 + -5. Suppose 2 = -4*a - 6. Let i = a - z. Let o(g) = g**3 - 4*g**2 - 4*g + 1. What is o(i)?
6
Let a(k) be the third derivative of k**5/60 - k**3/3 - 6*k**2. Let b(t) = 3*t**2 + t + 1. Let j be b(-1). Let w = 3 - j. Give a(w).
-2
Let s = -12 - -13. Let f(k) = -s + 0 + k + k + 8. Determine f(-5).
-3
Let i(p) be the first derivative of p**2/2 + 12*p - 42. Determine i(-11).
1
Let o(s) = 124*s**2 - 123*s**2 + 2*s + 5*s + 7. Give o(-5).
-3
Let c = 72 - 69. Let m(x) = -x**3 + x**2 - x + 4. Determine m(c).
-17
Suppose 0 = -2*w + u, 0 = w + 3*w - u + 4. Let b(z) = -z**3 + 2*z**2 + 4*z + 3. Determine b(w).
11
Let p(z) = -5*z + 5*z - 1 - z + 5*z. Give p(-1).
-5
Let p be 438/14 - 4/14. Suppose 3*v - 79 + p = -2*k, 3*v = 4*k - 96. Suppose -2*u - 5*l = u - 22, 4*u = -4*l + k. Let y(x) = -2*x**2 + 5*x + 4. Calculate y(u).
-8
Let a be 9/4 + (-1)/4. Let u(v) = v**2 - 3*v - 2. Let f(q) = 3*q**2 - 7*q - 5. Let b(h) = 2*f(h) - 5*u(h). Determine b(a).
6
Let o(m) be the second derivative of -m**4/4 - m**3/3 - m**2/2 - m. Let z(g) = -2*g - 17. Let u be z(-8). Determine o(u).
-2
Let k(w) = w - 11. Let x be k(8). Let v(a) = 82*a**2 - 4 - 3*a - 83*a**2 - a**3 + 4*a + 2*a. Determine v(x).
5
Let i(x) = -x**2 - 6*x - 2. Let f(k) = 2*k**2 + 13*k + 3. Let b(u) = 3*f(u) + 5*i(u). Let y be b(-9). Let j(z) = -z + 1. Calculate j(y).
2
Let l(p) be the third derivative of p**4/12 - 7*p**3/6 - 25*p**2. Suppose 0 = -4*t - 16, -3*d + 3*t + 32 = d. Determine l(d).
3
Let j = -11 - -14. Suppose -2*c = -1 + j. Let o(f) = -f + 1. Give o(c).
2
Let o(z) = 1 + 2 - 3 - z. Calculate o(-1).
1
Let v(f) = -f - 10*f**2 - 8*f**2 + 17*f**2 - f**3. Give v(-2).
6
Let r(v) = -7*v + 3. Let n(h) = -7*h + 2. Let o(u) = 6*n(u) - 5*r(u). Determine o(-3).
18
Let h(k) = -4*k**2 + 3*k. Suppose 5*w + 3*q = 2*w + 15, 4*w - 4*q = 52. Let b(y) = 4*y**2 - y - 1. Let p be b(-1). Suppose -p*x - 1 = -w. Give h(x).
-10
Let p(j) = -2*j**2 - 5*j. Let q = -45 + 40. What is p(q)?
-25
Let u(a) = a**3 - 6*a**2 - a - 4. Suppose 0 = -3*g + 2*w + 8, 4*g + 13 = 2*g + 5*w. Calculate u(g).
-10
Let n(k) = -2*k - 17. Let f(t) = t + 9. Let q(i) = 7*f(i) + 4*n(i). Let j = -10 - -5. What is q(j)?
0
Let u(n) = 2*n**2 + 13*n + 12. Let p(g) = -g**2 - 6*g - 6. Let b(r) = -5*p(r) - 3*u(r). Let x be b(-8). Let y(d) = -2*d - 2. Give y(x).
-6
Let p = -3 + 6. Let s(d) = -d**3 + 3*d**2 - 3*d + 2. What is s(p)?
-7
Let t(l) = 1. Let w(x) = x - 6. Let s(q) = -6*t(q) - w(q). Give s(3).
-3
Suppose -14 = 4*n + n - 3*j, -2*j = 4*n + 20. Let t(u) = u - 1. Let y(h) = 3*h + 4. Let w(s) = -2*t(s) + y(s). Give w(n).
2
Let t(a) = -a**2 - 3*a + 3. Let n be (-92)/10 + 10/50. Let m = 18 - 7. Let s = m + n. What is t(s)?
-7
Suppose 0 = 9*v - 15*v - 48. Let i(n) = -n**3 - 9*n**2 - 7*n + 2. Give i(v).
-6
Suppose 6*q = 5*q - 5. Let x(r) = -r**2 - 2*r + 7. Determine x(q).
-8
Let y(s) be the first derivative of 5*s - 1/2*s**2 + 1. Determine y(5).
0
Suppose x + 3*v - 32 = -3*x, -36 = -4*x - 2*v. Let w = x + -6. Let p(d) = 3*d + 0*d - 4*d**2 + w*d**2 - 1. Determine p(-4).
3
Let q(s) = s**3 + 12*s**2 + 11*s + 1. Let x be q(-11). Let b(z) = z + 0 - 7*z**2 - 1 + 0*z. Determine b(x).
-7
Let j = 15 - 9. Let t(b) = -5*b**2 + j*b**2 - 1 + 5*b - 1 + 8. What is t(-5)?
6
Let d(k) = -k + 3*k + 1 - k. Let a = -5 - -10. Suppose -2*p = -2*f + 2, a = 6*f - f + p. Give d(f).
2
Let j(p) = p**2 - 7*p + 8. Let d be j(6). Let f(o) = -2*o + o - 1 + d*o. Determine f(-4).
-5
Let n(f) = -f + 1. Let o be 4/10 + (-12)/5. Let a be -4 - o - (-6 + 10). Give n(a).
7
Let s(k) = -k**2 - 12*k + 14. Let u(t) = -t - 27. Let n be u(-14). Determine s(n).
1
Let r(z) be the third derivative of z**4/8 + z**2. Suppose 0*i + 15 = 3*i - 4*w, -11 = i + 4*w. Give r(i).
3
Let f = 9 + -15. Let n(z) = z**3 + 5*z**2 - 9*z - 8. Give n(f).
10
Let k(m) = -17*m**3 - m**2 - m. Let r be -1 - -1 - 3 - -2. Determine k(r).
17
Let p(h) = -h + 3. Let j(v) be the first derivative of -v**2/2 - 5*v - 1. Let l be j(-9). Let s be 6/l*8/3. What is p(s)?
-1
Let p be 0/(-3 + 6 + -2). Let s(k) = 3*k + 6. Let z(x) = x + 1. Let j(y) = s(y) - 4*z(y). Determine j(p).
2
Let s(o) be the second derivative of -o**5/20 + o**4/3 + 2*o**3/3 - o**2/2 - o. Suppose -3*w + 13 + 2 = 0. Calculate s(w).
-6
Let d(k) = -3*k**3 - 2*k**2 - 32*k - 11. Let n(o) = -o**3 - o**2 - 11*o - 4. Let b(p) = 6*d(p) - 17*n(p). Let g be 0/(-1 + 2) + 3. Determine b(g).
5
Let q be (-30)/45 - (-50)/(-6). Let u(h) = -h**2 - 7*h + 11. Determine u(q).
-7
Suppose -3*r = r - 12. Let b(q) = q**2 - q - 1. Determine b(r).
5
Let n(s) = 2*s**3 + s + 1 - 1. Let f(l) = -l**2 + 8*l - 5. Let b be f(7). Let v = b + -3. Determine n(v).
-3
Let n(x) be the first derivative of -x**2/2 - 35. Give n(-6).
6
Let u be (6/(-4))/((-6)/8). Let v(r) = 2 - u*r + 0 - 7. Suppose 4 = 4*g + 20. Calculate v(g).
3
Suppose -15 = 2*z + z. Let w = z + 0. Let s(u) = u + 1. What is s(w)?
-4
Let a(c) = c**2 + c - 9. Suppose 7*j = 4*j. Suppose j*q - 4*q = -3*z, -3*q = -4*z. Calculate a(q).
-9
Let d(t) = -t**3 + t**2 + 8*t + 8. Let i(x) = -x**3 + 4*x**2 - 5. Let c be i(3). Let l(j) = j**3 - 2*j**2 - 7*j - 8. Let h(f) = c*l(f) + 3*d(f). Calculate h(6).
4
Suppose 4*w = 19 - 11. Let v(l) = -3*l**3 + 3*l**2 - 2*l + 3. What is v(w)?
-13
Let f(n) = n**3 - 6*n**2 - n + 1. Let t(x) = x**2. Let z(r) = r. Let s(u) = t(u) - z(u). Let g be s(0). Suppose 3*l + 1 - 19 = g. Determine f(l).
-5
Let x(r) = -3*r - 3*r**2 - 8 + 7 + 4*r**2 + r**3. Give x(-2).
1
Suppose 7*j + 2*h = 2*j + 22, 5*h = -5*j + 25. Let o(d) = 0*d**2 + d**3 + 3*d**2 + 3*d + j - 6. Give o(-3).
-11
Let z(r) = 0*r + r - r + 1 - 7*r + r**2. What is z(6)?
-5
Suppose r - 1 = -r - d, -40 = -5*r + 5*d. Let o(p) = 4*p**3 - 1 + 3*p**r - 6*p**3 + 3*p - 2 - 2*p**2. Give o(2).
3
Let l(g) = 4*g**2 - g + 7. Let y(o) = 5*o**2 + 8. Suppose -3 + 0 = a. Let h(t) = a*y(t) + 4*l(t). Let z = -10 - -14. What is h(z)?
4
Let k(f) be the first derivative of -f**4/4 + 4*f**3/3 - 3*f**2/2 + 3*f + 38. What is k(4)?
-9
Suppose -112*d + 114*d - 6 = 0. Let k(h) be the first derivative of -h**2 - 3*h + 1. Give k(d).
-9
Suppose -4*k + 2*k = 0. Let d(i) be the third derivative of 5/24*i**4 + 1/2*i**3 - 1/30*i**5 - 2*i**2 + k*i + 0. Determine d(4).
-9
Suppose 44 - 34 = 5*q. Let k(a) be the first derivative of 1 - 1/2*a**q - 7*a. Determine k(-6).
-1
Suppose 7*q = 3*q + 20. Let p(y) = -2*y - 8. Let i be p(-7). Let o(c) = -8 + i*c - 2*c - 3*c. What is o(q)?
-3
Suppose -4 - 8 = 3*q. Let g(a) be the second derivative of -a**4/12 - a**3/6 + a**2/2 + 4*a. Determine g(q).
-11
Let r(t) = t**3 - 7*t**2 + 7*t - 8. Let h(x) = -8*x**3 - 1. Suppose -2*p = 2*p + 4. Let m be h(p). Let i(d) = -d**2 + 7*d + 6. Let q be i(m). Calculate r(q).
-2
Let w(g) = g**2 + g - 1. Let q be -2 + (0 - (-3 + 3)). What is w(q)?
1
Let n = 14 + -17. Let 